 + -641?
3202
In base 9, what is -12756 - -10?
-12746
In base 3, what is -1 - -12011110220?
12011110212
In base 12, what is 41b6 + -3?
41b3
In base 6, what is 1 - -210141?
210142
In base 10, what is 8 - 4796?
-4788
In base 9, what is -2 + 32042?
32040
In base 4, what is -2 + -202102313?
-202102321
In base 2, what is -110101110 - -11110011110?
10111110000
In base 6, what is -2541100 - 5?
-2541105
In base 8, what is 63 + 271?
354
In base 8, what is -2 + -725514?
-725516
In base 5, what is 2 - 103031133?
-103031131
In base 14, what is -1 - -309b5?
309b4
In base 14, what is 5 - -15612?
15617
In base 9, what is 17612 - 5?
17606
In base 5, what is -334104030 + 4?
-334104021
In base 14, what is 23746 + 3?
23749
In base 3, what is 22010021 + 11?
22010102
In base 15, what is 421 + -10a?
316
In base 6, what is 44405 - 4?
44401
In base 15, what is -61 - 2e77?
-2ed8
In base 9, what is -1675107 - 2?
-1675110
In base 10, what is -7910 - -88?
-7822
In base 9, what is 2 - -431641?
431643
In base 9, what is -4647832 + 3?
-4647828
In base 11, what is 23578 - -18?
23595
In base 7, what is -2153 - 1053?
-3236
In base 12, what is -2b2 + -1169?
-145b
In base 11, what is -54 + 484?
430
In base 5, what is 4 - 13123233?
-13123224
In base 3, what is 11 - -122221102?
122221120
In base 2, what is 1 + 10000111000101011001?
10000111000101011010
In base 3, what is 11 + 212210100110?
212210100121
In base 4, what is -103002 - -321?
-102021
In base 14, what is -5c7 - 2?
-5c9
In base 16, what is -b9 - -5cc?
513
In base 4, what is 3321 - -323021?
333002
In base 9, what is -61 - 80?
-151
In base 16, what is 6 - -8c0?
8c6
In base 9, what is -10 + -180064?
-180074
In base 16, what is 664 + -58?
60c
In base 9, what is -1630 - -221?
-1408
In base 9, what is 1318056 - -5?
1318062
In base 12, what is -559 - -80?
-499
In base 16, what is -2 + -20e5a?
-20e5c
In base 12, what is 4 + 5783?
5787
In base 3, what is 1111211120220 - -21?
1111211121011
In base 14, what is d23b3 - 2?
d23b1
In base 6, what is 40 - 14013?
-13533
In base 10, what is -2370480 - 0?
-2370480
In base 16, what is 16 - -180?
196
In base 7, what is -12 + 406605?
406563
In base 16, what is -f + 11f29?
11f1a
In base 6, what is -1542 - -3022?
1040
In base 9, what is 18021 + 170?
18201
In base 7, what is 346 + 13545?
14224
In base 3, what is 2 + 1001200010?
1001200012
In base 11, what is 74a27 + -4?
74a23
In base 2, what is -10100011 - -1010001111?
111101100
In base 9, what is -3 - 115361?
-115364
In base 2, what is -11011010110101011 + -11?
-11011010110101110
In base 7, what is 3 + 124236?
124242
In base 13, what is 3c + 8a2c?
8a6b
In base 10, what is 535 + 19?
554
In base 14, what is 4 + -19310?
-1930a
In base 10, what is -3 - -63879?
63876
In base 6, what is 2 - -5343050?
5343052
In base 14, what is -5026 + 0?
-5026
In base 2, what is -100 + -101110101001?
-101110101101
In base 12, what is 70 + -604?
-554
In base 13, what is -8 + 78494?
78489
In base 3, what is 20021100 - 202?
20020121
In base 7, what is 11 + 31006?
31020
In base 2, what is 1000110010000100 - 10?
1000110010000010
In base 10, what is 27156 + 4?
27160
In base 12, what is -6480 + -4?
-6484
In base 7, what is 612 + 123?
1035
In base 5, what is -110131102 + 10?
-110131042
In base 13, what is -28188 - 1?
-28189
In base 14, what is 5 + -1a88?
-1a83
In base 10, what is -556832 + -7?
-556839
In base 13, what is -2 + -176b?
-1770
In base 8, what is -25 - 11054?
-11101
In base 11, what is 952851 - 1?
952850
In base 3, what is 1201 + 221201212?
221210120
In base 5, what is -140100 - 441?
-141041
In base 8, what is 40404367 - -2?
40404371
In base 9, what is 6 - -7853?
7860
In base 6, what is 5 + 55320?
55325
In base 6, what is -50 - -5200?
5110
In base 14, what is 1d36 - -3?
1d39
In base 8, what is 26 - -47130?
47156
In base 13, what is 1953 + -2?
1951
In base 12, what is 56424 + -1?
56423
In base 8, what is 22 - 14374?
-14352
In base 16, what is -7 + 2?
-5
In base 10, what is -1381069 + -3?
-1381072
In base 12, what is 2957 + -8?
294b
In base 11, what is -292a - 2?
-2931
In base 16, what is 30c0d - -6?
30c13
In base 11, what is 46901 + -3?
468a9
In base 15, what is 6529 - -10?
6539
In base 5, what is -1003143 - -4?
-1003134
In base 15, what is c6d - -53?
cc1
In base 15, what is cdcd - -3?
cdd1
In base 11, what is 829 + -133?
6a6
In base 6, what is 415442 + -1?
415441
In base 7, what is -3111 + -616?
-4030
In base 10, what is 3052 + 979?
4031
In base 7, what is -6 - 6536335?
-6536344
In base 11, what is 63a - -1996?
2525
In base 10, what is 99 + -2114?
-2015
In base 3, what is -1021122 + 2?
-1021120
In base 8, what is -2367 - 110?
-2477
In base 2, what is 111001001011110 + 11?
111001001100001
In base 8, what is 2753 + -273?
2460
In base 16, what is -1be2b - -5?
-1be26
In base 5, what is 3 + 20301433?
20301441
In base 13, what is 305 + -13?
2c2
In base 2, what is 1001100000 - 110111000?
10101000
In base 4, what is 13021 - -2003?
21030
In base 4, what is -10 + -2320321?
-2320331
In base 5, what is 23 + -2324414?
-2324341
In base 2, what is 1011110100 + 11110?
1100010010
In base 14, what is -70 - a2?
-132
In base 14, what is 0 + 5ca3?
5ca3
In base 13, what is 234 + -1834?
-1600
In base 3, what is 0 + -1112022001?
-1112022001
In base 10, what is 17247 - 0?
17247
In base 8, what is -42 - 2163?
-2225
In base 12, what is 54 + 55a3?
5637
In base 12, what is 429 + 969?
1196
In base 6, what is 1245 - 330?
515
In base 12, what is -72 + 168?
b6
In base 10, what is 151 + -10?
141
In base 9, what is -5 - -141004?
140888
In base 14, what is -8 + -74b2?
-74ba
In base 13, what is a60 - 13c?
921
In base 14, what is 38 - 2d33?
-2cd9
In base 6, what is -543345 + -5?
-543354
In base 16, what is ee - 7c1?
-6d3
In base 5, what is -4413 - -311?
-4102
In base 7, what is 12 + -10415?
-10403
In base 5, what is -2 + -400410041?
-400410043
In base 11, what is -30 + -2591?
-2611
In base 2, what is -1101010101 - 11001101000?
-100110111101
In base 11, what is -3 - -a55?
a52
In base 14, what is -1ba - -1b1?
-9
In base 5, what is 4022 - -1001?
10023
In base 6, what is -552125 + 31?
-552054
In base 4, what is 3202201 + 12?
3202213
In base 2, what is 11111 - 1101110001001?
-1101101101010
In base 8, what is 1 - 66114?
-66113
In base 7, what is -166 + -16306?
-16505
In base 15, what is -4e531 + 1?
-4e530
In base 6, what is -3244110 - -5?
-3244101
In base 8, what is -234232 - -1?
-234231
In base 6, what is -101512301 - -2?
-101512255
In base 12, what is -3b + -278?
-2b7
In base 14, what is -d2 + -722?
-814
In base 7, what is -4 - 124565?
-124602
In base 2, what is -10010010111010 - 1000?
-10010011000010
In base 14, what is 0 - -37533?
37533
In base 8, what is -5 - -67167?
67162
In base 5, what is -20204 + 20?
-20134
In base 10, what is 2 + -16987?
-16985
In base 14, what is -c35 + 1a5?
-a70
In base 9, what is -742 + 52?
-680
In base 5, what is 241223 - -2?
241230
In base 3, what is 10201022210 + -10?
10201022200
In base 3, what is -120 - -1022102121?
1022102001
In base 10, what is -2902 - -21?
-2881
In base 3, what is -1001 - -1011211220?
1011210212
In base 10, what is -4 + -46433?
-46437
In base 10, what is 8951 + 42?
8993
In base 9, what is -10 - -22141?
22131
In base 10, what is -359 - -967?
608
In base 8, what is 3 - 22774?
-22771
In base 5, what is 1 + -330220?
-330214
In base 12, what is -26 - -a01?
997
In base 8, what is 54570 + -4?
54564
In base 15, what is 493 + 4d4?
977
In base 14, what is -4b - 206?
-253
In base 10, what is -57 - -805?
748
In base 4, what is 31113133 - 13?
31113120
In base 9, what is -36 + -38787?
-38834
In base 16, what is 2b06 + -1?
2b05
In base 16, what is -87eb + 0?
-87eb
In base 14, what is 2 - ad9?
-ad7
In base 12, what is 5 - 189324?
-18931b
In base 10, what is -6095 + -4?
-6099
In base 7, what is 12663 - 415?
12245
In base 7, what is 20203556 - 0?
20203556
In base 6, what is -123 + 222?
55
In base 6, what is -3420 + -255?
-4115
In base 3, what is -20222 + -1110211?
-1201210
In base 13, what is -192 + -1403?
-1595
In base 14, what is -c3642 - -4?
-c363c
In base 14, what is -1a - -8d0?
8b4
In base 2, what is -1000101010111110 + 0?
-1000101010111110
In base 13, what is -47729 - a?
-47736
In base 8, what is 1 + 254117?
254120
In base 14, what is -182b9 - 2?
-182bb
In bas